{"id":47,"date":"2020-10-31T12:45:04","date_gmt":"2020-10-31T11:45:04","guid":{"rendered":"https:\/\/giblousia.wordpress.com\/?page_id=47"},"modified":"2025-06-21T21:52:08","modified_gmt":"2025-06-21T19:52:08","slug":"comite","status":"publish","type":"page","link":"https:\/\/www.giblousia.ch\/index.php\/comite\/","title":{"rendered":"Comit\u00e9"},"content":{"rendered":"\n<div style=\"height:50px\" aria-hidden=\"true\" class=\"wp-block-spacer\"><\/div>\n\n\n\n<p>Le comit\u00e9 du Ski-Club Giblousia se compose de 7 membres et peut \u00eatre directement contact\u00e9 par e-mail: <a href=\"mailto:comite@giblousia.ch\">comite@giblousia.ch<\/a>.<\/p>\n\n\n\n<ul class=\"wp-block-list\">\n<li>Pr\u00e9sidente: Lauriane Sciboz, <a href=\"mailto:lauriane@giblousia.ch\">lauriane@giblousia.ch<\/a><\/li>\n\n\n\n<li>Vice-Pr\u00e9sident: Beno\u00eet Wehren, <a href=\"mailto:benoit@giblousia.ch\">benoit@giblousia.ch<\/a><\/li>\n\n\n\n<li>Caissi\u00e8re: Laura Sautaux, <a href=\"mailto:laura@giblousia.ch\">laura@giblousia.ch<\/a><\/li>\n\n\n\n<li>Secr\u00e9taire: C\u00e9lia Roulin, <a href=\"mailto:celia@giblousia.ch\">celia@giblousia.ch<\/a><\/li>\n\n\n\n<li>Responsable Moniteur: Vincent Neuhaus, <a href=\"mailto:vincent@giblousia.ch\">vincent@giblousia.ch<\/a><\/li>\n\n\n\n<li>6<sup>i\u00e8me<\/sup> Membre: Melchior Frick, <a href=\"mailto:melchior@giblousia.ch\">melchior@giblousia.ch<\/a><\/li>\n\n\n\n<li>7<sup>i\u00e8me<\/sup> Membre: Robin Schorderet, <a href=\"mailto:robin@giblousia.ch\">robin@giblousia.ch<\/a><\/li>\n<\/ul>\n\n\n\n<p>Notre adresse postale:<\/p>\n\n\n\n<p>Ski-Club Giblousia<br>Case postale 14<br>1726 Farvagny<\/p>\n","protected":false},"excerpt":{"rendered":"<p>Le comit\u00e9 du Ski-Club Giblousia se compose de 7 membres et peut \u00eatre directement contact\u00e9 par e-mail: comite@giblousia.ch. Notre adresse postale: Ski-Club GiblousiaCase postale 141726 Farvagny<\/p>\n","protected":false},"author":2,"featured_media":0,"parent":0,"menu_order":0,"comment_status":"closed","ping_status":"closed","template":"","meta":{"neve_meta_sidebar":"","neve_meta_container":"","neve_meta_enable_content_width":"","neve_meta_content_width":0,"neve_meta_title_alignment":"left","neve_meta_author_avatar":"","neve_post_elements_order":"","neve_meta_disable_header":"off","neve_meta_disable_footer":"","neve_meta_disable_title":"on","footnotes":""},"class_list":["post-47","page","type-page","status-publish","hentry"],"jetpack_sharing_enabled":true,"_links":{"self":[{"href":"https:\/\/www.giblousia.ch\/index.php\/wp-json\/wp\/v2\/pages\/47","targetHints":{"allow":["GET"]}}],"collection":[{"href":"https:\/\/www.giblousia.ch\/index.php\/wp-json\/wp\/v2\/pages"}],"about":[{"href":"https:\/\/www.giblousia.ch\/index.php\/wp-json\/wp\/v2\/types\/page"}],"author":[{"embeddable":true,"href":"https:\/\/www.giblousia.ch\/index.php\/wp-json\/wp\/v2\/users\/2"}],"replies":[{"embeddable":true,"href":"https:\/\/www.giblousia.ch\/index.php\/wp-json\/wp\/v2\/comments?post=47"}],"version-history":[{"count":7,"href":"https:\/\/www.giblousia.ch\/index.php\/wp-json\/wp\/v2\/pages\/47\/revisions"}],"predecessor-version":[{"id":5705,"href":"https:\/\/www.giblousia.ch\/index.php\/wp-json\/wp\/v2\/pages\/47\/revisions\/5705"}],"wp:attachment":[{"href":"https:\/\/www.giblousia.ch\/index.php\/wp-json\/wp\/v2\/media?parent=47"}],"curies":[{"name":"wp","href":"https:\/\/api.w.org\/{rel}","templated":true}]}}